Let d be ((-8)/(-10))/((-1)/(-10)). Suppose -4*t + d + 4 = 0. Suppose -t = -x + 1. Calculate m(x).
11
Let c(u) = 2*u + 3 - 5 + u. Let r = -39 - -41. Calculate c(r).
4
Let m be -37 + (-3)/3 + -2. Let l be ((-6)/(-4))/((-12)/m). Let f(s) = -s**3 + 4*s + 4*s**2 - 6 - l*s**2 + 5*s**2. Calculate f(4).
10
Let l(n) = n**3 - 18*n**2 + 3. Let d be l(18). Let w(r) = -r**3 + 2*r**2 + 3*r + 2. Give w(d).
2
Let k(m) = -6*m**3 - m**2. Let s = 47 + -8. Let a be ((-26)/s)/(2/3). Give k(a).
5
Let b(s) be the first derivative of -s**3/3 + 6*s - 3. Suppose u - 4*u = 0. Calculate b(u).
6
Let o(r) = -10*r**3 + r**2 - 1. Suppose 5*s - 4 = k + 2*s, s - 3 = 0. Suppose -k*d = 4*c - 16, -c + 0*d = -d + 5. Give o(c).
10
Let r(i) = i + 1. Let k be r(-3). Let m be (-1 - 1)/k*1. Let d(t) = -2*t**3 - 1 - 5*t**3 + 2*t**3. Calculate d(m).
-6
Let j(z) = -2 - z + 4 + 3*z. Suppose -46 = -3*f - 2*y, f + 5 - 32 = -3*y. Suppose f - 4 = 4*g. Calculate j(g).
6
Suppose 0 = -2*n + 3*a + 4, -4*n = -2*n - a + 4. Let f(t) be the third derivative of -t**4/12 - t**3/6 - t**2. What is f(n)?
7
Suppose -l + 3*a = 13, l + 0 = -a - 1. Let f be (l + 4)*2/4. Let h(d) be the second derivative of d**5/20 - d**4/12 + d**3/6 + 9*d**2/2 - d. Calculate h(f).
9
Suppose 0*x + 5*x = 40. Suppose 4*k - 4 = -x. Let d(g) = -6*g**2 - g - 1. Calculate d(k).
-6
Let g(f) = 4 + 3*f**3 - 2*f**3 - 3*f - 1 - 4*f**2. Suppose m + 2 = -m. Let k(t) = -4*t. Let n be k(m). What is g(n)?
-9
Let w(d) = -2*d + 45. Let j be w(21). Let a(i) = i**3 - 4*i**2 - 1. Calculate a(j).
-10
Let m = 31 - 31. Let z(i) = -3*i**3 + 2*i**2 - 7*i + 17. Let o(q) = -2*q**3 + q**2 - 4*q + 9. Let s(p) = 5*o(p) - 3*z(p). What is s(m)?
-6
Suppose -3*u = -3*t + 4 + 11, 2*u = 4*t - 20. Let g(v) = -v**3 + v**2 - 2. What is g(u)?
-2
Let p = 1 - -2. Let a(r) = r**3 - p*r + 2*r**2 - 3*r - 2 - r + 6*r. Calculate a(-3).
-8
Let k = 2 + -3. Let r(y) = -23*y**2 + 3*y - 8. Let z(q) be the first derivative of -8*q**3/3 + q**2/2 - 3*q + 2. Let m(s) = 3*r(s) - 8*z(s). Calculate m(k).
-6
Suppose -2*u + 0*u + 10 = 0. Let i(p) = -25*p**3 + p**2 - 5*p**2 + 24*p**3 + u + p. What is i(-4)?
1
Let n(d) = 3*d + 4. Let s = 2 - -1. Let c be (-1)/(2/12) + s. Give n(c).
-5
Suppose 0 = 3*u - 41 + 17. Let s be -7 + u - (1 + 0). Let g(x) = x + 6. Let a(c) = 3*c + 13. Let b(k) = -2*a(k) + 5*g(k). What is b(s)?
4
Let h(r) be the third derivative of -r**6/120 - r**4/12 + r**3/3 - 2*r**2. Let y = 2 + 0. Calculate h(y).
-10
Let v(i) = -1 - 4 + 2 + 5 + 6*i. Determine v(-3).
-16
Let g(r) = -r**3 + r**2 + r + 1. Let j(h) = -4*h**3 + 8*h**2 + 7*h. Let d(c) = 3*g(c) - j(c). What is d(5)?
-17
Let p(g) be the second derivative of g**5/20 + 5*g**4/12 + g**3/3 + 2*g**2 - 13*g. Give p(-5).
-6
Let h be (8/10)/((-4)/10). Let q(g) = g + 2. Give q(h).
0
Let p(b) = -35*b - 5 - 34*b + 67*b. Determine p(5).
-15
Let h(x) be the first derivative of x**4/24 - x**2/2 + 1. Let r(z) be the second derivative of h(z). Let w = 10 - 15. What is r(w)?
-5
Let t(m) = -m**2 + m + 4. Let i = 5 + -5. Give t(i).
4
Let m(v) = v**3 - 4*v**2 + 3*v - 3. Suppose 3*j + 2 = -8*y + 3*y, -3*j - y = -2. Suppose -4*f + 13 = j. Determine m(f).
-3
Suppose 0 = -3*c + v + 16, 2*c + 0*v - 13 = 3*v. Let w(b) = 6*b**2 - 5*b + 2 - 1 - b**3 - b. Give w(c).
-4
Let n = 15 + -6. Let v be (-7)/3 - 6/n. Let f(c) = -2*c + 2. Determine f(v).
8
Let t(f) be the first derivative of -f**4/12 - f**3/6 - 3*f**2/2 - 2. Let d(w) be the second derivative of t(w). Let x be (2 + 3)/((-2)/2). Calculate d(x).
9
Let t(v) be the second derivative of v**6/120 + v**5/60 - 3*v**2/2 + 2*v. Let j(f) be the first derivative of t(f). What is j(-1)?
0
Let a(k) = -36 - 31 + k - 36 + 97. Calculate a(6).
0
Let j = 2 + 2. Let w(q) = -2 + 0*q - j*q + 1. Give w(-2).
7
Suppose 5*p - 8 = p. Let z(m) be the third derivative of m**4/8 - m**2. Let x(n) = -4*n. Let u(r) = p*x(r) + 3*z(r). Give u(3).
3
Let g be (3/3)/(5/15). Let z(w) = w**2 + w - 4. What is z(g)?
8
Suppose c = 4*c - 2*s + 4, c + 4 = 2*s. Suppose 2*r = -6 - c. Let h(y) be the third derivative of y**5/60 + y**4/8 + y**3/3 + 20*y**2. Calculate h(r).
2
Suppose -n - 2*a = 0, 3*a - 8*a = -4*n. Suppose -20 = -n*y - 5*y. Let f(h) = h + 4. Determine f(y).
8
Let o(r) = -r**2 - 5*r - 2. Let j be o(-3). Let m(i) = -3*i**2 - j*i + 7 + i**2 + 4*i**2 - 3*i**2. What is m(-5)?
2
Let q(d) = d**3 - 6*d**2 + 3*d + 1. Let i(b) = b**3 + 12*b**2 + 3. Let z be i(-12). What is q(z)?
-17
Let y = -51 - -52. Let h(l) be the first derivative of l**2 - 2*l**3 + 6*l + y - 1/4*l**4. Give h(-6).
-6
Let b(w) be the third derivative of w**5/120 + w**4/8 - w**3/3 - 2*w**2. Let t(j) be the first derivative of b(j). What is t(-4)?
-1
Let h(j) be the first derivative of 2/3*j**3 + 1 + 2*j**2 + j - 1/4*j**4. Let f(c) = -c**2 - 6*c + 3. Let d be f(-6). What is h(d)?
4
Let f(l) = l**2 - 3*l**2 + l**2. Let m(o) be the second derivative of o**5/20 + 2*o**4/3 + 7*o**3/6 + o. Let w be m(-7). Determine f(w).
0
Let z(o) = o**2 - 5*o. Suppose -4*t + 12 = -4*p, -2*t + 4*p + 4 + 2 = 0. Determine z(t).
-6
Let c(o) = -2*o - 5. Let w(s) = s + 5. Let p(j) = -j - 4. Suppose 0 - 3 = -f. Let h(k) = f*p(k) + 2*w(k). Let t(z) = -4*c(z) + 9*h(z). Give t(3).
-1
Let a(i) = -i - 5. Let g be a(4). Let q = g + 6. Let b(j) = j + 7. Give b(q).
4
Let u(n) = -1. Let h(y) = y + 6. Let d(z) = -h(z) - 4*u(z). Give d(0).
-2
Let v = -15 - -18. Let g(n) = 2*n**2 + n**2 - n**3 + 0 - 2*n + 1. What is g(v)?
-5
Let c(m) = 3*m**2 - 13*m + 2 - 5*m**3 + 3*m**3 - 9*m + 18*m. What is c(2)?
-10
Let x(c) = c**3 - c**2 - c. Let l(s) = 6*s**3 - 7*s**2 - 3*s - 4. Let d(w) = l(w) - 5*x(w). Determine d(3).
11
Suppose -1 + 13 = -4*z. Let j = 3 + z. Suppose 5*x + 5 - 12 = 3*s, j = -2*s - 8. Let m(l) = 7*l**3 - 1. What is m(x)?
-8
Let a(c) be the first derivative of -c**3/3 + 3*c**2/2 + 4*c + 8. Let n be (21/(-6) - 0)*2. Let m = n - -12. Give a(m).
-6
Let q(x) = -x + 39 - 76 + 35. Give q(-5).
3
Let v = 4 - 5. Let s = 4 + v. Let d(x) = -x**3 + 3*x**2 - 2*x + 2. What is d(s)?
-4
Let y be (-26)/(-39) + 2/6. Suppose 5*x = 3*z + y, 0 = x - 4*x - 2*z - 7. Let o(l) = -l - 1. Calculate o(x).
0
Let p(m) = 2*m**2 + 2*m + 1. Let c(a) = -a**3 - 6*a**2 + 20*a + 5. Let v(n) = n**2 + n - 1. Let r(x) = c(x) - 6*v(x). Let o be r(-13). Give p(o).
5
Let v(o) = 4*o**3 + o. Let l(j) = -j - 3. Let p be l(-4). Suppose 2*w - w = p. Give v(w).
5
Let o(l) be the third derivative of -l**6/360 + l**5/24 - l**4/24 - 5*l**3/6 + 2*l**2. Let n(d) be the first derivative of o(d). Calculate n(5).
-1
Let i(d) = -19*d**2 + d - 2. Suppose -3*v + 4 = -2. Let h(s) = 4*s + 28*s**v - 3*s - 2*s + 3. Let q(l) = -5*h(l) - 7*i(l). Calculate q(-1).
-6
Let t(c) = -2*c - 48. Let i be t(-24). Let p(z) = -z + 4. Calculate p(i).
4
Let j(m) = 2 - 5*m + m**3 + 6*m**2 - 2*m + 12*m + 5. Determine j(-5).
7
Let q(u) be the second derivative of -u**3/3 + u**2/2 + 16*u. Give q(-1).
3
Let h(k) = k**3 - 3*k**2 + 4. Suppose -18 = 6*q - 8*q. Let p = q - 6. What is h(p)?
4
Let m(i) = i - 2. Let u(v) = -v + 2. Let q(t) = -6*m(t) - 7*u(t). Let k be ((-18)/8)/(6/(-16)). Suppose -5*p - k = 3*y, 2 = -2*p - 3*y - 4. Give q(p).
-2
Let r(l) = 3*l - 7. Let o be (110/33)/(4/(-18)). Let z(d) = 12*d - 27. Let b(k) = o*r(k) + 4*z(k). What is b(4)?
9
Let x be (-4)/10 + (-34)/(-10). Suppose -4 = -2*m - 2*o, m = x*m + o - 4. Let n(l) = 22*l - 2 - 24*l + 1 - 1 + l**2. What is n(m)?
-2
Let a be ((-12)/4)/((-6)/4). Suppose d - 22 = -5*u, 5*d + a*u + 3 = -2. Let i(h) be the first derivative of -h**3/3 - h**2/2 + 3*h - 1. What is i(d)?
-3
Suppose -7 - 9 = -4*d. Let y(q) = -q - 1. Let z(i) = -6*i - 6. Let g(p) = d*z(p) - 21*y(p). Calculate g(3).
-12
Let f(c) be the third derivative of c**6/120 - c**5/60 + c**4/24 - 4*c**3/3 - 7*c**2. Calculate f(0).
-8
Suppose -7*c + 4 - 32 = 0. Let b(p) = p**2 + p + 1. Let k(t) = -4*t. Let x(s) = -b(s) + k(s). Give x(c).
3
Let k(z) = -4*z**2 - 8*z + 3. Let m(d) = 4*d + 0*d**2 - 5*d**2 - 13*d + 4. Let s(q) = -7*k(q) + 6*m(q). What is s(-2)?
-9
Let z = 5 - 3. Let v(d) = -2 - z*d + d + 9 + 4*d. Determine v(-5).
-8
Let k be (-2)/(-5) + 5/(100/112). Let v(t) be the second derivative of t**5/20 - 7*t**4/12 + 7*t**3/6 - t**2 - 2*t. Calculate v(k).
4
Let a(m) = -m - 1. Let q = -2 + 4. Suppose 0*u + 2 = -q*u. What is a(u)?
0
Let h(y) = 3*y**2 - 4*y + 3. Let w(z